ate the greatest common divisor of q and h.
17
Let p = 105 - 99. Suppose -10*a = -p*a - 48. Suppose 9*z - 7*z = a. Calculate the highest common divisor of 6 and z.
6
Suppose -1585 = -13*a + 755. Calculate the highest common divisor of a and 285.
15
Suppose a = 9*a + 96. Let s be (a/14)/(2/(-154)). What is the highest common factor of s and 99?
33
Let y(l) = -l**3 - 37*l**2 - 42*l - 212. Let r be y(-36). What is the greatest common divisor of 250 and r?
2
Suppose 12*y - 13*y = -m - 18, -52*y + 708 = 5*m. Suppose 2*a - 56 = -0*a. What is the greatest common divisor of y and a?
14
Suppose -v + 1560 = 4*v. Let m = -103 + 96. Let h be m/(21/36)*(-52)/16. Calculate the highest common divisor of v and h.
39
Let q be 5/(3 + 34/(-12)). Let d be 446/q + (-6)/(-45). Let v be (d/1 - -1)*1. Calculate the highest common factor of 176 and v.
16
Suppose p = 5*b + 2534 + 456, -4*p = -6*b - 12002. What is the greatest common divisor of p and 10?
5
Let h = -801 - -851. What is the highest common factor of 460 and h?
10
Let o = 408 - 212. Suppose 46*u - 2464 = 38*u. Suppose 56 = -9*z + u. What is the greatest common divisor of o and z?
28
Let b be 1352 + 63/21 + 0 + 3. Calculate the greatest common divisor of b and 56.
14
Let g = 5829 + -5673. What is the greatest common factor of 1443 and g?
39
Let a = 3142 - 3072. What is the greatest common factor of 3710 and a?
70
Let v(o) = -4*o**3 + o**2 + 4*o. Let k be v(-3). Let w be (-72)/84 + (-444)/(-28). What is the highest common factor of w and k?
15
Suppose -278*j = -155705 + 35053. What is the highest common divisor of j and 1426?
62
Let x be (-40)/(-6)*(-24)/(-10). Suppose -1482 = -11*i + 50*i. Let k be (-114)/1083 + (-2436)/i. Calculate the greatest common factor of k and x.
16
Let g(t) = 2*t**2 - 3*t - 2. Let u be g(2). Let z be u + 3/(-3) + 3. Let h be 78/(-4)*z/(-3). What is the highest common factor of h and 104?
13
Let g be (2040/(-272))/((-6)/352). Calculate the highest common factor of 110 and g.
110
Let x(o) = 12*o**2 + 19*o - 113. Let c be x(-4). What is the greatest common factor of 1857 and c?
3
Suppose 9 = 4*z - 5*s, -3*s + 9 = -0*s. Suppose -5*x - 32 = -4*t, -5*t = -102*x + 104*x - 7. Calculate the highest common divisor of t and z.
3
Suppose -4*m + 54 = 2*m. Suppose 4*f - m*f = -490. Suppose k = -3*h - 3*k + 50, -3*h + 48 = 3*k. What is the greatest common factor of h and f?
14
Let n = 276 - 226. Let w be 351 - (-1 + 0)/(-1). Calculate the greatest common factor of w and n.
50
Let p(s) = -3*s - 6. Let d be p(-7). Let k be 0/(-5 + (5 - 2)). Suppose x + 3*b - 26 = k, b - 3*b + 24 = x. What is the highest common divisor of d and x?
5
Let o be (2/3 + 0)/((-2)/24). Let p be (27/(-12))/((-3)/o). Let y(d) = d**3 + 8*d**2 - 5*d - 25. Let c be y(p). What is the highest common divisor of c and 22?
11
Let g be -8 + (-15981)/(-14) - 35/(-14). Calculate the greatest common factor of g and 48.
16
Let k(f) = -3*f**3 - 4*f**2 - 19*f + 1. Let t be k(-5). What is the highest common divisor of t and 159?
53
Let j be (-13)/((10/25)/(80/(-25))). Calculate the greatest common factor of j and 325.
13
Let a be (-19)/(-114) - 6483/(-18)*-1. Let t = a - -365. Calculate the highest common divisor of t and 2.
1
Let i(a) = -2*a**2 + 5*a + 1. Let x be i(1). Suppose 2*o = -x*n + 199 + 417, 0 = -3*o + 2*n + 892. Calculate the highest common divisor of 12 and o.
12
Let n be ((-2)/2)/(1/7 + 38070/(-258552)). Calculate the greatest common divisor of n and 348.
12
Suppose -5*t = -3*h + 14 - 109, 3*t = -5*h + 91. Suppose -9*l + 9269 = t*l. What is the highest common divisor of 13 and l?
13
Let h(i) = 9*i**2 + 16*i + 21. Let a be h(-5). What is the greatest common factor of a and 415?
83
Suppose 0 = -16*r + 8759 + 1609. Calculate the greatest common factor of 567 and r.
81
Let y(x) = -4*x**2 + 9*x - 47. Let n be y(-10). Let a = -528 - n. Calculate the highest common divisor of a and 441.
9
Suppose 49 = 4*q - 151. Suppose 0 = -334*x - 1639 + 24387 + 2302. What is the greatest common divisor of q and x?
25
Let j = -139 - -69. Let v = j + 341. Suppose -4*o + 6*o = 5*l + v, -5*l - 670 = -5*o. What is the highest common divisor of 38 and o?
19
Suppose -5*c + 88 = -2*v - 3*c, 32 = -v - 5*c. Let o = 56 + v. Let t be (12/(-27))/(o/(-63)). Calculate the highest common factor of t and 32.
2
Let k(p) = 4*p - 4. Let h be k(6). Suppose 0 = 2*a + 2*d - 16, -58*a = -55*a + 2*d - 31. Calculate the greatest common divisor of a and h.
5
Let j(l) = 6*l**2 + 4. Let p be j(4). Let w(h) = h**2 + 9*h - 17. Let u be w(4). Let g = u + -25. Calculate the greatest common divisor of p and g.
10
Let h(x) = 9*x + 20. Let b be h(-2). Let f = -39 + 47. What is the highest common divisor of b and f?
2
Let h(j) = -2*j**2 - 257*j + 1662. Let u be h(-109). Calculate the greatest common factor of u and 162.
81
Let o be (11 - 55)/(4/(-6)). Suppose -7*v = 41 + 15. Let s be 2 - ((v - -1) + 3). Calculate the greatest common divisor of s and o.
6
Suppose -z = -3*c - 540 - 92, 636 = z - c. Calculate the highest common factor of z and 44.
22
Suppose 5*b + 5*r = 2040, 2*b + 3*r - 796 = 5*r. What is the highest common factor of 247 and b?
13
Suppose 4*m - 3*v - 6962 = 0, -269*m + 268*m = -5*v - 1749. What is the highest common factor of m and 37?
37
Suppose 3*m = -2*j + 1, -6 = 5*j + 23*m - 24*m. Let c be (1960/(-160))/(j/48). Calculate the greatest common divisor of c and 12.
12
Let k be (-162)/2*((-247)/78 - (-12)/8). What is the greatest common divisor of 90 and k?
45
Let m(w) = -2*w + 35. Let q(z) = -3*z + 34. Let d(u) = 4*m(u) - 5*q(u). Let x be d(5). Calculate the highest common divisor of x and 3.
1
Suppose 5*f - 259 = -3*t, 0 = 12*f - 13*f - 3*t + 47. Calculate the greatest common factor of 3233 and f.
53
Let m = -37 + 36. Let a(d) = 117*d. Let j be a(m). Let r be 4/18 - 3016/j. Calculate the highest common factor of 39 and r.
13
Let d be (1346/56 + 14/56)*(-1015)/(-145). Suppose 20 = -2*l + 4*l. What is the greatest common divisor of d and l?
10
Suppose 0 = -5*i - 10, 11*c - 7527 = 6*c + i. Suppose -9*v + 430 = -c. Calculate the highest common divisor of 86 and v.
43
Let p = -332 - -358. Suppose -286 - 286 = -p*w. Calculate the highest common divisor of w and 165.
11
Suppose -5*h = 3*d - 74, -5*d - 4 = -2*h + 7. Let q = 1490 - 957. What is the greatest common divisor of h and q?
13
Suppose -19*n + 20 + 125 + 83 = 0. Let k = -20 + 32. What is the greatest common divisor of k and n?
12
Let t(p) = 43*p + 2380. Let w be t(-50). What is the greatest common divisor of 1725 and w?
115
Let d(o) = -o**3 + 22*o**2 + 3*o - 64. Let c be d(22). Suppose -a - 137 = -2*a - 5*l, -3*a + c*l + 326 = 0. What is the greatest common divisor of a and 16?
16
Let p = 2698 - 2243. Calculate the highest common factor of 35 and p.
35
Suppose -16*w - 154 = -9*w. Let t be (-4184)/w - ((-336)/154)/(-12). What is the highest common divisor of t and 10?
10
Let y(q) = -2*q + 7. Suppose 3*m = 5*m. Let s be y(m). Let u(z) = 2*z - 9. Let v be u(s). Calculate the greatest common factor of 55 and v.
5
Let d(b) = -11*b**3 - 9*b**2 + 69*b + 307. Let x be d(-4). What is the greatest common factor of x and 3?
3
Let f(h) = 2*h**2 + 21*h + 3. Let n be f(-11). Suppose n*r = -149 + 1591. What is the greatest common factor of r and 1?
1
Let l(o) = 15*o**2 - 8*o + 20. Suppose -f - 4 = -5*t + 17, 0 = 2*f + 5*t - 33. Let u be l(f). What is the highest common factor of u and 12?
12
Suppose 0*h + 18 = 3*k - 2*h, 3*k - 4*h = 12. Suppose -v + 3*t = -43, -k*v + 3*t = -12*v + 217. What is the greatest common factor of v and 156?
52
Suppose -19 - 1 = -2*g - 2*k, g - k - 6 = 0. Let r be 508 - (-1)/((-27)/(-6) - 4). Let l be 14/(-147) + r/63. What is the highest common factor of l and g?
8
Let y be 1580 - 10/(-7)*448/(-80). What is the highest common divisor of y and 36?
12
Let v(c) = -297*c - 929. Let m be v(-12). What is the greatest common divisor of 255 and m?
85
Let n(f) = -29*f - 64. Let d be n(-6). Suppose 2*t = 5*r + d, t + 4*r + r - 70 = 0. What is the highest common divisor of 15 and t?
15
Suppose -4*j + 5*p = -1, 3*j + p = -2*p - 6. Let v be ((-332)/14 - 10/35)*j. Suppose -23*a + v*a - 50 = 0. Calculate the greatest common factor of a and 25.
25
Let g(s) = -6*s**2 - 32*s - 18. Let w be g(-4). Let b be 7 + (-4 + 3 -